= q. Let y(v) = 31*v + 7. Let i(t) = t + 1. Let z be i(1). Let b(u) = z*m(u) - y(u). What is the tens digit of b(-2)?
5
What is the units digit of 2/(69/33 - (7 - 5))?
2
Suppose 2 = -2*s, 2*i = -i - 3*s + 18. Let x be (i - 3) + -1 + -1. Suppose -x*r + 1 = 3*a - 28, -a - 4*r + 3 = 0. What is the units digit of a?
1
What is the tens digit of (1 - -3) + 318 + 0?
2
Let v(m) = -17*m - 4. Let b(r) = -r**2 + 8*r - 6. Let d be b(7). Let p(w) = -3*w. Let l be p(d). What is the tens digit of v(l)?
4
Let i be 20/(-8) + 3 - 46/(-4). Suppose i*j = 7*j + 640. What is the hundreds digit of j?
1
Let m(z) = -z**3 + z**2 - z - 3. Let w = -6 + 4. What is the units digit of m(w)?
1
Suppose 2*g - 3*q + 2 + 0 = 0, 23 = 3*g + 2*q. Suppose -4 = h - i - 25, -g*i - 48 = -2*h. What is the units digit of h?
9
Let g(f) = -f**3 - 9*f**2 + 17*f + 6. Let q be 5/(-20) + (-43)/4. Let y be g(q). Let n = y - 42. What is the units digit of n?
9
Let m(j) = 2*j - 6. Let z(o) = -1. Let g(w) = -2*m(w) + 28*z(w). What is the tens digit of g(-7)?
1
Suppose 6 = -2*a - 3*z, -a + 3*z - 18 = a. Let n be (-4)/(-12) + (-184)/a. Suppose 0 = 2*j - n - 9. What is the tens digit of j?
2
Let h be -1 - (-3 + 6)*-1. Let f(l) = -3 + 9*l + l - 11*l + 4*l**2. What is the tens digit of f(h)?
1
Suppose 4884 = 7*g + 740. What is the tens digit of g?
9
Suppose -5*t - 516 = -t. Let n be t/9 - 2/(-6). What is the tens digit of 45/105 + (-708)/n?
5
Let j(l) = -119*l - 3. Suppose -f - 16 = -15. What is the units digit of j(f)?
6
Suppose 11*t + 1438 = 4474. Suppose 2*k + 3*b - t + 32 = 0, 2*b + 254 = 2*k. What is the tens digit of k?
2
Let s(a) = -a + 0*a - 2*a + 10*a**2 + 2*a. Suppose 0 = b - 5*b + 4. What is the units digit of s(b)?
9
Suppose -b - 7*o + 3*o = 20, 4*b = -5*o - 25. Suppose b = -5*h - 5*c + 240, -h + 32 = -7*c + 4*c. What is the units digit of h?
4
Suppose -20*f + 108 = -22*f. Let v = 114 + f. What is the units digit of v?
0
Let b be 3 - -36 - (-2 + 2). Suppose 53 = 4*t - b. Suppose 63 = 5*g + t. What is the units digit of g?
8
Let i = -227 + 229. Let m = 0 + -1. What is the tens digit of m/(i/54*-1)?
2
Suppose -17*a + 71*a - 15768 = 0. What is the tens digit of a?
9
Suppose 0 = d + 3*d - 12. What is the units digit of (-69)/(-1) + d + -4?
8
Suppose v - 2*v = 2. Let s be (13/13)/(v/(-42)). What is the units digit of s + (-2 - 2) - -1?
8
What is the hundreds digit of (-64868)/(-24) + 12 - (-2)/12?
7
Let y(i) = 7*i**2 - 8*i - 2. Let k(p) = 8*p**2 - 8*p - 1. Let d(v) = -4*k(v) + 5*y(v). What is the tens digit of d(6)?
5
Let f(b) = 15*b**3 - 4*b**2 - 6*b + 13. What is the tens digit of f(2)?
0
Suppose 4*u - 417 - 258 = -a, 2*u - 345 = -3*a. Let z be u - -2*3/(-6). Let j = -106 + z. What is the units digit of j?
1
What is the hundreds digit of 6519/9 - -4*(-3)/36?
7
Suppose -89921 + 19747 = -26*x. What is the thousands digit of x?
2
Let x(j) = 2*j**3 + 57*j**2 - 6*j + 34. What is the thousands digit of x(-26)?
3
Let k(h) = h**3 - 7*h**2 + 7*h - 11. Let w be k(6). Let g = w + 32. What is the tens digit of g?
2
Let o be 15/90 + 701/6. Suppose 6*k - o = 3*k + 3*l, -4*l = -3*k + 121. Suppose -5*c - k = -135. What is the tens digit of c?
2
Suppose p - 48 = 4*q, 6*p + 48 = -4*q + p. Let v = q + 6. What is the tens digit of (24/5)/(v/(-45))?
3
Suppose 445 = a - 4*x, -3*a + 0*a + 3*x + 1308 = 0. What is the units digit of a?
3
Let a(t) = 2*t**2 - 5*t + 2. Let m(u) = u**3 + 2*u**2 - 2*u - 1. Let c be m(-3). Let q be a(c). What is the units digit of 1/((-1)/(q/(-3)))?
8
Suppose 423*b + 1521 = 426*b. What is the units digit of b?
7
Suppose 3*u = 6*u - 138. Let x = -27 + u. What is the units digit of x?
9
Let b = 626 - -215. What is the hundreds digit of b?
8
Let j(x) = 2*x**2 + x - 1. Let h be j(-2). Let a be 1 - h - -7 - 1. Suppose -a*d + 16 = -0*d. What is the units digit of d?
8
Suppose -54*c + 30855 = -37*c. What is the thousands digit of c?
1
Suppose 0 = d - 2*w - 341, 5*d + 2*w - 1741 = -0*w. What is the hundreds digit of d?
3
Let k(b) = b**3 + 23*b**2 - 57*b - 29. What is the hundreds digit of k(-16)?
6
Suppose -2*m - 3*m + 17 = -3*n, 4*n + 12 = 4*m. Let c = -9 + m. What is the units digit of 4/(-2) - c - -16?
9
Let h = -500 - -641. What is the units digit of h?
1
Let q(f) = 49*f**3 + 3*f**2 - 6*f + 5. What is the hundreds digit of q(2)?
3
Let l be 3/6 - 50/4. Let k = 5 - l. What is the units digit of k?
7
Suppose -3*f + 4385 = 5*o, 4380 + 1459 = 4*f - o. What is the tens digit of f?
6
Let y be -3 + 3 + -2 - -587. Suppose 363 = 3*a + 3*d, -5*a + 10*a - 5*d - y = 0. What is the tens digit of a?
1
Let r(i) be the third derivative of i**5/60 - i**4/12 + 3*i**2. What is the units digit of r(7)?
5
Let m be 50/(-5)*(-8)/10. Suppose m*y - 242 = 54. What is the tens digit of y?
3
Suppose -5*p = -4*h + 2609, -4*h = -0*p + 4*p - 2636. What is the tens digit of h?
5
Suppose -5*v = -0*v + 2*y - 242, 3*y + 112 = 2*v. Suppose g + 46 - v = 0. What is the units digit of g?
4
Suppose -3*n - d = -69, -30 + 87 = 2*n - 3*d. What is the units digit of n?
4
Let c(h) = 17*h**3 + 2*h**2 + 2*h + 11. Let f be c(5). What is the hundreds digit of (f/(-45))/((-4)/10)?
1
What is the units digit of 461 + (1 - (4 - -1))?
7
Let q(g) = g**2 + 2*g - 9. Let y(p) = p. Let l(d) = q(d) + 2*y(d). What is the units digit of l(3)?
2
Let p = 89 - 90. Let n be 29/4 - (-1)/(-4). Let r = n - p. What is the units digit of r?
8
Let s = 515 - 275. What is the hundreds digit of s?
2
Let u = -152 + 142. Let i(w) = w**2 - 20*w - 24. What is the tens digit of i(u)?
7
What is the units digit of 1 - (2 + -3) - -247?
9
Suppose -50 = 3*d - 65. Suppose 2*i - 506 = -2*v, 5*v - d*i = 417 + 888. What is the hundreds digit of v?
2
Let r = 1166 + -265. What is the units digit of r?
1
Let z be 2/8 + 15/20. Suppose -3*p + 13 = -k, -4*p + 13 - z = 4*k. Suppose p*c = 4 + 52. What is the tens digit of c?
1
What is the units digit of 6/2 - (-13 + 4)*33?
0
Let p(d) be the second derivative of d**3/6 - 3*d**2/2 - 6*d. Let j be p(6). Suppose -j*s + s + 28 = 0. What is the tens digit of s?
1
Suppose 29*c - 942 = -217. What is the tens digit of c?
2
Let l(d) = 43*d**2 + 1. Suppose 11*j - 16*j = -15. Suppose -j*u + 3 = -0*u. What is the tens digit of l(u)?
4
Let b = -1742 - -2471. What is the hundreds digit of b?
7
What is the tens digit of (32/(-48))/(1/(-342))?
2
Suppose -2*f = 16*f - 16272. What is the hundreds digit of f?
9
Suppose n - 4*n = 5*i - 25, -3*i = -n - 1. Let x(b) = -25*b**3 + 5*b**3 - i*b**2 - b - 3 + 3. What is the tens digit of x(-1)?
1
Let q = -1049 - -1619. What is the tens digit of q?
7
Let r = 169 - -30. What is the hundreds digit of r?
1
Let k(q) = 62*q**2 - 21*q + 27. What is the units digit of k(5)?
2
Suppose -4*b - 5*y = -52, -3*b - b + 88 = -4*y. Suppose -s = 2*a - 41, s - 29 = a + b. What is the units digit of s?
5
Let a(c) = -c + 1. Let g(y) = 20*y - 6. Let j(u) = 3*a(u) + g(u). Let x be j(4). Suppose 5*r = 55 + x. What is the tens digit of r?
2
What is the thousands digit of (-1 - (-7852)/(-8))*(-4)/3?
1
What is the tens digit of (-6 + -4)/((-3)/78) - 1?
5
What is the hundreds digit of (9/1)/((-12)/(-276))?
2
Suppose n = 2*f - 930, -9*f - 3*n = -8*f - 479. What is the tens digit of f?
6
Suppose 3*s - 1238 = -2*i, i + 4*i = 3*s - 1273. What is the hundreds digit of s?
4
Suppose 17*f - 8857 = 34374. What is the tens digit of f?
4
Let k(t) = -7*t - 23. Suppose 46*q = 43*q - 66. What is the units digit of k(q)?
1
Let b = 104 - 50. What is the tens digit of 976/6 - 36/b?
6
Suppose 4*i = 10*i - 1056. Let v = -109 + i. What is the tens digit of v?
6
Let v be (6 + 1)*(-27)/(-63). Suppose -z = -4*w - v, -3*z + 4 = 2*w - 5. Suppose -3*x - 3*o = -129, 2*x + z*o - 87 = -0*o. What is the tens digit of x?
4
Let n(a) = 442*a + 51. What is the hundreds digit of n(3)?
3
Let x(b) = -b**3 + 1. Let q = -9 + 8. Let l be x(q). Suppose -l*s + 2*c - 5 = -61, -2*c = 4. What is the tens digit of s?
2
Suppose 2*j = 4*m - 0*j - 6, 3*m - 3*j + 3 = 0. Suppose -m*a = a. Suppose -5*y = -5*g - 202 + 7, -y + 5*g + 27 = a. What is the units digit of y?
2
Suppose 2*p - 2445 + 877 = 0. What is the hundreds digit of p?
7
Let g(a) = -41*a - 210. What is the tens digit of g(-14)?
6
Suppose -3*u + 3 + 3 = 0. Suppose 3*c - 4*i = 379, 0 = -0*c - u*c - 5*i + 245. What is the units digi